{"id":2053,"date":"2022-03-25T08:04:36","date_gmt":"2022-03-25T08:04:36","guid":{"rendered":"https:\/\/wgl-demo.net\/bili\/?page_id=2053"},"modified":"2025-08-07T19:20:41","modified_gmt":"2025-08-07T22:20:41","slug":"servicos","status":"publish","type":"page","link":"https:\/\/dev.agenciaatimo.com.br\/agencia\/servicos\/","title":{"rendered":"Servi\u00e7os"},"content":{"rendered":"\t\t<div data-elementor-type=\"wp-page\" data-elementor-id=\"2053\" class=\"elementor elementor-2053\">\n\t\t\t\t\t\t<section class=\"elementor-section elementor-top-section elementor-element elementor-element-4afdac6 elementor-section-boxed elementor-section-height-default elementor-section-height-default\" data-id=\"4afdac6\" data-element_type=\"section\">\n\t\t\t\t\t\t<div class=\"elementor-container elementor-column-gap-default\">\n\t\t\t\t\t<div class=\"elementor-column elementor-col-33 elementor-top-column elementor-element elementor-element-8b49d4c sticky-sidebar\" data-id=\"8b49d4c\" data-element_type=\"column\">\n\t\t\t<div class=\"elementor-widget-wrap elementor-element-populated\">\n\t\t\t\t\t\t<div class=\"elementor-element elementor-element-b59cd53 aleft elementor-widget elementor-widget-wgl-double-heading\" data-id=\"b59cd53\" data-element_type=\"widget\" data-widget_type=\"wgl-double-heading.default\">\n\t\t\t\t<div class=\"elementor-widget-container\">\n\t\t\t\t\t<div class=\"wgl-double-heading\"><div class=\"dblh__subtitle\"><span>NOSSOS SERVI\u00c7OS<\/span><\/div><h3 class=\"dblh__title-wrapper\"><span class=\"dblh__title dblh__title-1\">Ideias que saem \ndo papel e ganham \ntodas as telas<\/span><\/h3><\/div>\t\t\t\t<\/div>\n\t\t\t\t<\/div>\n\t\t\t\t<div class=\"elementor-element elementor-element-0b56bc0 aleft has-animated-bg elementor-widget elementor-widget-wgl-button\" data-id=\"0b56bc0\" data-element_type=\"widget\" data-widget_type=\"wgl-button.default\">\n\t\t\t\t<div class=\"elementor-widget-container\">\n\t\t\t\t\t<a  class=\"wgl-button btn-size-xl \" role=\"button\" href=\"https:\/\/dev.agenciaatimo.com.br\/agencia\/contato\/\"><div class=\"button__content \"><span class=\"button__text\">SOLICITE UM OR\u00c7AMENTO<\/span><\/div><\/a>\t\t\t\t<\/div>\n\t\t\t\t<\/div>\n\t\t\t\t\t<\/div>\n\t\t<\/div>\n\t\t\t\t<div class=\"elementor-column elementor-col-66 elementor-top-column elementor-element elementor-element-a66846c\" data-id=\"a66846c\" data-element_type=\"column\">\n\t\t\t<div class=\"elementor-widget-wrap elementor-element-populated\">\n\t\t\t\t\t\t<div class=\"elementor-element elementor-element-1aade58 elementor-widget__width-initial elementor-widget-mobile__width-inherit aleft elementor-view-default elementor-widget elementor-widget-wgl-info-box\" data-id=\"1aade58\" data-element_type=\"widget\" data-widget_type=\"wgl-info-box.default\">\n\t\t\t\t<div class=\"elementor-widget-container\">\n\t\t\t\t\t<div class=\"wgl-infobox\"><div class=\"wgl-infobox_wrapper wgl-layout-top\"><div class=\"media-wrapper number-wrapper\"><span class=\"wgl-number elementor-icon\" ><span class=\"number\">01<\/span><\/span><\/div><div class=\"content_wrapper\"><div class=\"wgl-infobox-title_wrapper\"><h3 class=\"wgl-infobox_title\"><span class=\"wgl-infobox_title-idle\">Design<\/span><\/h3><\/div><div class=\"wgl-infobox_content\"><p><span data-metadata=\"&lt;!--(figmeta)eyJmaWxlS2V5IjoiWDNQU2Vnb3Y1azV2dG83bnJLcVRMViIsInBhc3RlSUQiOjY2MjcxNDA2LCJkYXRhVHlwZSI6InNjZW5lIn0K(\/figmeta)--&gt;\"><\/span>Oferecemos solu\u00e7\u00f5es completas em design, que v\u00e3o desde a cria\u00e7\u00e3o de identidade visual, incluindo logotipo, paleta de cores e tipografia, at\u00e9 o desenvolvimento de materiais promocionais como folders, flyers, cat\u00e1logos e apresenta\u00e7\u00f5es institucionais.<\/p><p>Tamb\u00e9m criamos layouts para redes sociais, campanhas digitais, e-mail marketing, banners f\u00edsicos e digitais, al\u00e9m de interfaces para sites, landing pages e aplicativos, sempre com foco em est\u00e9tica, clareza e performance.<\/p><\/div><\/div><\/div><\/div>\t\t\t\t<\/div>\n\t\t\t\t<\/div>\n\t\t\t\t<div class=\"elementor-element elementor-element-69d81f2 elementor-widget__width-initial elementor-widget-mobile__width-inherit aleft elementor-view-default elementor-widget elementor-widget-wgl-info-box\" data-id=\"69d81f2\" data-element_type=\"widget\" data-widget_type=\"wgl-info-box.default\">\n\t\t\t\t<div class=\"elementor-widget-container\">\n\t\t\t\t\t<div class=\"wgl-infobox\"><a class=\"wgl-infobox__link\" href=\"https:\/\/dev.agenciaatimo.com.br\/agencia\/portfolio-masonry\/\"><\/a><div class=\"wgl-infobox_wrapper wgl-layout-top\"><div class=\"media-wrapper number-wrapper\"><span class=\"wgl-number elementor-icon\" ><span class=\"number\">02<\/span><\/span><\/div><div class=\"content_wrapper\"><div class=\"wgl-infobox-title_wrapper\"><h3 class=\"wgl-infobox_title\"><span class=\"wgl-infobox_title-idle\">M\u00eddia\/Ads<\/span><\/h3><\/div><div class=\"wgl-infobox_content\"><p><span data-metadata=\"&lt;!--(figmeta)eyJmaWxlS2V5IjoiWDNQU2Vnb3Y1azV2dG83bnJLcVRMViIsInBhc3RlSUQiOjY2MjcxNDA2LCJkYXRhVHlwZSI6InNjZW5lIn0K(\/figmeta)--&gt;\"><\/span>Planejamos, gerenciamos e otimizamos campanhas publicit\u00e1rias para garantir m\u00e1xima visibilidade e retorno sobre investimento. Atuamos em m\u00eddias digitais como Meta Ads (Facebook e Instagram), Google Ads (rede de pesquisa, display, YouTube e shopping), TikTok Ads, LinkedIn Ads e outras plataformas de alta performance.<\/p><p>Oferecemos tamb\u00e9m solu\u00e7\u00f5es em m\u00eddia program\u00e1tica, publicidade em portais, veicula\u00e7\u00f5es em m\u00eddia offline (como r\u00e1dio, TV e m\u00eddia out-of-home), sempre com foco em estrat\u00e9gia, segmenta\u00e7\u00e3o e resultado mensur\u00e1vel.<\/p><\/div><\/div><\/div><\/div>\t\t\t\t<\/div>\n\t\t\t\t<\/div>\n\t\t\t\t<div class=\"elementor-element elementor-element-d85dee1 elementor-widget__width-initial elementor-widget-mobile__width-inherit aleft elementor-view-default elementor-widget elementor-widget-wgl-info-box\" data-id=\"d85dee1\" data-element_type=\"widget\" data-widget_type=\"wgl-info-box.default\">\n\t\t\t\t<div class=\"elementor-widget-container\">\n\t\t\t\t\t<div class=\"wgl-infobox\"><a class=\"wgl-infobox__link\" href=\"https:\/\/dev.agenciaatimo.com.br\/agencia\/portfolio-masonry\/\"><\/a><div class=\"wgl-infobox_wrapper wgl-layout-top\"><div class=\"media-wrapper number-wrapper\"><span class=\"wgl-number elementor-icon\" ><span class=\"number\">03<\/span><\/span><\/div><div class=\"content_wrapper\"><div class=\"wgl-infobox-title_wrapper\"><h3 class=\"wgl-infobox_title\"><span class=\"wgl-infobox_title-idle\">Conte\u00fado<\/span><\/h3><\/div><div class=\"wgl-infobox_content\"><p>Criamos conte\u00fado estrat\u00e9gico e personalizado para aproximar marcas de pessoas e gerar valor em cada ponto de contato. Desenvolvemos calend\u00e1rios editoriais, roteiros para v\u00eddeos, artigos para blogs, legendas criativas para redes sociais, e-mail marketing, ebooks, scripts para an\u00fancios, al\u00e9m de conte\u00fados espec\u00edficos para campanhas e ativa\u00e7\u00f5es.<\/p><p>Com uma linguagem alinhada ao posicionamento da marca e ao perfil do p\u00fablico, entregamos mensagens que informam, engajam e convertem, sempre com planejamento, consist\u00eancia e prop\u00f3sito.<\/p><\/div><\/div><\/div><\/div>\t\t\t\t<\/div>\n\t\t\t\t<\/div>\n\t\t\t\t<div class=\"elementor-element elementor-element-f2e8f2d elementor-widget__width-initial elementor-widget-mobile__width-inherit aleft elementor-view-default elementor-widget elementor-widget-wgl-info-box\" data-id=\"f2e8f2d\" data-element_type=\"widget\" data-widget_type=\"wgl-info-box.default\">\n\t\t\t\t<div class=\"elementor-widget-container\">\n\t\t\t\t\t<div class=\"wgl-infobox\"><a class=\"wgl-infobox__link\" href=\"https:\/\/dev.agenciaatimo.com.br\/agencia\/portfolio-masonry\/\"><\/a><div class=\"wgl-infobox_wrapper wgl-layout-top\"><div class=\"media-wrapper number-wrapper\"><span class=\"wgl-number elementor-icon\" ><span class=\"number\">04<\/span><\/span><\/div><div class=\"content_wrapper\"><div class=\"wgl-infobox-title_wrapper\"><h3 class=\"wgl-infobox_title\"><span class=\"wgl-infobox_title-idle\">Business intelligence (BI)<\/span><\/h3><\/div><div class=\"wgl-infobox_content\"><p>Transformamos dados em decis\u00f5es inteligentes. Atrav\u00e9s de solu\u00e7\u00f5es em Business Intelligence, ajudamos marcas a entenderem seu desempenho em tempo real e a tomarem decis\u00f5es mais assertivas. Desenvolvemos dashboards personalizados, pain\u00e9is de performance, relat\u00f3rios interativos, monitoramento de KPIs, an\u00e1lises de campanhas e mapeamento de jornada do consumidor, integrando dados de diversas fontes como redes sociais, Google Ads, CRMs, sites e e-commerces.<\/p><p>Na \u00c1timo, os dados n\u00e3o ficam parados, eles contam hist\u00f3rias, revelam oportunidades e direcionam estrat\u00e9gias com precis\u00e3o.<\/p><\/div><\/div><\/div><\/div>\t\t\t\t<\/div>\n\t\t\t\t<\/div>\n\t\t\t\t<div class=\"elementor-element elementor-element-aaf0290 elementor-widget__width-initial elementor-widget-mobile__width-inherit aleft elementor-view-default elementor-widget elementor-widget-wgl-info-box\" data-id=\"aaf0290\" data-element_type=\"widget\" data-widget_type=\"wgl-info-box.default\">\n\t\t\t\t<div class=\"elementor-widget-container\">\n\t\t\t\t\t<div class=\"wgl-infobox\"><a class=\"wgl-infobox__link\" href=\"https:\/\/dev.agenciaatimo.com.br\/agencia\/portfolio-masonry\/\"><\/a><div class=\"wgl-infobox_wrapper wgl-layout-top\"><div class=\"media-wrapper number-wrapper\"><span class=\"wgl-number elementor-icon\" ><span class=\"number\">05<\/span><\/span><\/div><div class=\"content_wrapper\"><div class=\"wgl-infobox-title_wrapper\"><h3 class=\"wgl-infobox_title\"><span class=\"wgl-infobox_title-idle\">Automa\u00e7\u00e3o de Marketing<\/span><\/h3><\/div><div class=\"wgl-infobox_content\"><p>Automatizamos processos para que sua marca se conecte com o p\u00fablico certo, no momento certo, de forma cont\u00ednua, personalizada e escal\u00e1vel. Implementamos fluxos automatizados de comunica\u00e7\u00e3o, integra\u00e7\u00f5es com CRM, nutri\u00e7\u00e3o de leads, segmenta\u00e7\u00e3o de audi\u00eancia, pontua\u00e7\u00e3o de leads (lead scoring) e recupera\u00e7\u00e3o de carrinhos abandonados, al\u00e9m da cria\u00e7\u00e3o de gatilhos de e-mail e WhatsApp baseados em comportamento.<\/p><p>Utilizamos plataformas como RD Station, HubSpot, ActiveCampaign, entre outras, para criar jornadas inteligentes que aumentam a convers\u00e3o e otimizam o tempo da sua equipe comercial.<\/p><\/div><\/div><\/div><\/div>\t\t\t\t<\/div>\n\t\t\t\t<\/div>\n\t\t\t\t<div class=\"elementor-element elementor-element-f8a7ecc elementor-widget__width-initial elementor-widget-mobile__width-inherit aleft elementor-view-default elementor-widget elementor-widget-wgl-info-box\" data-id=\"f8a7ecc\" data-element_type=\"widget\" data-widget_type=\"wgl-info-box.default\">\n\t\t\t\t<div class=\"elementor-widget-container\">\n\t\t\t\t\t<div class=\"wgl-infobox\"><a class=\"wgl-infobox__link\" href=\"https:\/\/dev.agenciaatimo.com.br\/agencia\/portfolio-masonry\/\"><\/a><div class=\"wgl-infobox_wrapper wgl-layout-top\"><div class=\"media-wrapper number-wrapper\"><span class=\"wgl-number elementor-icon\" ><span class=\"number\">06<\/span><\/span><\/div><div class=\"content_wrapper\"><div class=\"wgl-infobox-title_wrapper\"><h3 class=\"wgl-infobox_title\"><span class=\"wgl-infobox_title-idle\">Outros<\/span><\/h3><\/div><div class=\"wgl-infobox_content\"><p>Al\u00e9m das estrat\u00e9gias digitais, oferecemos solu\u00e7\u00f5es completas que ampliam o alcance e a for\u00e7a da sua marca. Atuamos com desenvolvimento de websites e landing pages, produ\u00e7\u00e3o de v\u00eddeos institucionais e publicit\u00e1rios, edi\u00e7\u00e3o e motion design, apresenta\u00e7\u00f5es comerciais al\u00e9m de consultorias estrat\u00e9gicas de marketing.<\/p><p>S\u00e3o servi\u00e7os que complementam sua presen\u00e7a de marca e tornam a experi\u00eancia ainda mais completa, do digital ao f\u00edsico, da ideia \u00e0 execu\u00e7\u00e3o.<\/p><\/div><\/div><\/div><\/div>\t\t\t\t<\/div>\n\t\t\t\t<\/div>\n\t\t\t\t\t<\/div>\n\t\t<\/div>\n\t\t\t\t\t<\/div>\n\t\t<\/section>\n\t\t\t\t<section class=\"elementor-section elementor-top-section elementor-element elementor-element-c74473f elementor-section-full_width elementor-section-height-default elementor-section-height-default\" data-id=\"c74473f\" data-element_type=\"section\">\n\t\t\t\t\t\t<div class=\"elementor-container elementor-column-gap-no\">\n\t\t\t\t\t<div class=\"elementor-column elementor-col-100 elementor-top-column elementor-element elementor-element-aa04e77\" data-id=\"aa04e77\" data-element_type=\"column\">\n\t\t\t<div class=\"elementor-widget-wrap elementor-element-populated\">\n\t\t\t\t\t\t<div class=\"elementor-element elementor-element-e8cf230 elementor-widget elementor-widget-wgl-text-path\" data-id=\"e8cf230\" data-element_type=\"widget\" data-settings=\"{&quot;text&quot;:&quot;&lt;span class=&#039;text--word&#039;&gt;&lt;span class=&#039;text&#039; style=&#039; -webkit-text-stroke: 1px currentColor; -webkit-text-fill-color: transparent;&#039;&gt;NOSSOS SERVI\\u00c7OS&lt;\\\/span&gt;&nbsp;&lt;span class=&#039;divider&#039;&gt;&lt;svg viewBox=&#039;0 0 31 31&#039; xmlns=&#039;http:\\\/\\\/www.w3.org\\\/2000\\\/svg&#039;&gt;&lt;path d=&#039;M18.6742 30.3182L13.2701 30.2776L13.1406 13.0492L13.1316 11.8549L12.287 12.6994L5.30318 19.6833L1.44794 15.828L15.7504 1.52543L30.2803 16.0555L26.4931 19.8426L19.3983 12.7477L18.5355 11.8849L18.5447 13.105L18.6742 30.3182Z&#039;&gt;&lt;\\\/path&gt;&lt;\\\/svg&gt;&lt;\\\/span&gt;&lt;\\\/span&gt;NOSSOS SERCVI\\u00c7OS&quot;,&quot;link&quot;:{&quot;url&quot;:&quot;&quot;,&quot;is_external&quot;:&quot;&quot;,&quot;nofollow&quot;:&quot;&quot;,&quot;custom_attributes&quot;:&quot;&quot;},&quot;animation_speed&quot;:30000,&quot;start_point&quot;:{&quot;unit&quot;:&quot;%&quot;,&quot;size&quot;:100,&quot;sizes&quot;:[]},&quot;start_point_tablet&quot;:{&quot;unit&quot;:&quot;px&quot;,&quot;size&quot;:&quot;&quot;,&quot;sizes&quot;:[]},&quot;start_point_mobile&quot;:{&quot;unit&quot;:&quot;px&quot;,&quot;size&quot;:&quot;&quot;,&quot;sizes&quot;:[]},&quot;end_point&quot;:{&quot;unit&quot;:&quot;%&quot;,&quot;size&quot;:-10,&quot;sizes&quot;:[]},&quot;end_point_tablet&quot;:{&quot;unit&quot;:&quot;px&quot;,&quot;size&quot;:&quot;&quot;,&quot;sizes&quot;:[]},&quot;end_point_mobile&quot;:{&quot;unit&quot;:&quot;px&quot;,&quot;size&quot;:&quot;&quot;,&quot;sizes&quot;:[]}}\" data-widget_type=\"wgl-text-path.default\">\n\t\t\t\t<div class=\"elementor-widget-container\">\n\t\t\t\t\t\t\t<div class=\"wgl-text-path loop_animation  clone_text add_divider \" data-backspace-count=\"\" data-d-type=\"arrow\" data-type-svg=\"wgl_line_simple\" data-text=\"<span class='text--word'><span class='text' style=' -webkit-text-stroke: 1px currentColor; -webkit-text-fill-color: transparent;'>NOSSOS SERVI\u00c7OS<\/span>&nbsp;<span class='divider'><svg viewBox='0 0 31 31' xmlns='http:\/\/www.w3.org\/2000\/svg'><path d='M18.6742 30.3182L13.2701 30.2776L13.1406 13.0492L13.1316 11.8549L12.287 12.6994L5.30318 19.6833L1.44794 15.828L15.7504 1.52543L30.2803 16.0555L26.4931 19.8426L19.3983 12.7477L18.5355 11.8849L18.5447 13.105L18.6742 30.3182Z'><\/path><\/svg><\/span><\/span>NOSSOS SERCVI\u00c7OS\">\n\t\t\t<div class=\"simple_line\"><\/div>\t\t<\/div>\n\t\t\t\t\t\t<\/div>\n\t\t\t\t<\/div>\n\t\t\t\t\t<\/div>\n\t\t<\/div>\n\t\t\t\t\t<\/div>\n\t\t<\/section>\n\t\t\t\t<section class=\"elementor-section elementor-top-section elementor-element elementor-element-04cad27 elementor-section-full_width elementor-section-content-middle elementor-reverse-tablet elementor-reverse-mobile elementor-section-height-default elementor-section-height-default\" data-id=\"04cad27\" data-element_type=\"section\">\n\t\t\t\t\t\t<div class=\"elementor-container elementor-column-gap-no\">\n\t\t\t\t\t<div class=\"elementor-column elementor-col-50 elementor-top-column elementor-element elementor-element-271c11d\" data-id=\"271c11d\" data-element_type=\"column\">\n\t\t\t<div class=\"elementor-widget-wrap elementor-element-populated\">\n\t\t\t\t\t\t<div class=\"elementor-element elementor-element-1712fd9 elementor-widget elementor-widget-image\" data-id=\"1712fd9\" data-element_type=\"widget\" data-widget_type=\"image.default\">\n\t\t\t\t\t\t\t\t\t\t\t\t\t\t\t<img fetchpriority=\"high\" decoding=\"async\" width=\"559\" height=\"800\" src=\"https:\/\/dev.agenciaatimo.com.br\/agencia\/wp-content\/uploads\/2025\/08\/Beneficios.jpg\" class=\"attachment-full size-full wp-image-4844\" alt=\"\" srcset=\"https:\/\/dev.agenciaatimo.com.br\/agencia\/wp-content\/uploads\/2025\/08\/Beneficios.jpg 559w, https:\/\/dev.agenciaatimo.com.br\/agencia\/wp-content\/uploads\/2025\/08\/Beneficios-210x300.jpg 210w\" sizes=\"(max-width: 559px) 100vw, 559px\" \/>\t\t\t\t\t\t\t\t\t\t\t\t\t\t\t<\/div>\n\t\t\t\t\t<\/div>\n\t\t<\/div>\n\t\t\t\t<div class=\"elementor-column elementor-col-50 elementor-top-column elementor-element elementor-element-5cd444f\" data-id=\"5cd444f\" data-element_type=\"column\">\n\t\t\t<div class=\"elementor-widget-wrap elementor-element-populated\">\n\t\t\t\t\t\t<div class=\"elementor-element elementor-element-317c63c elementor-widget elementor-widget-spacer\" data-id=\"317c63c\" data-element_type=\"widget\" data-widget_type=\"spacer.default\">\n\t\t\t\t\t\t\t<div class=\"elementor-spacer\">\n\t\t\t<div class=\"elementor-spacer-inner\"><\/div>\n\t\t<\/div>\n\t\t\t\t\t\t<\/div>\n\t\t\t\t<div class=\"elementor-element elementor-element-bd7c4bb elementor-widget__width-initial elementor-widget-tablet__width-inherit aleft elementor-widget elementor-widget-wgl-double-heading\" data-id=\"bd7c4bb\" data-element_type=\"widget\" data-widget_type=\"wgl-double-heading.default\">\n\t\t\t\t<div class=\"elementor-widget-container\">\n\t\t\t\t\t<div class=\"wgl-double-heading\"><div class=\"dblh__subtitle\"><span>COMO TRABALHAMOS<\/span><\/div><h3 class=\"dblh__title-wrapper\"><span class=\"dblh__title dblh__title-1\">Conectados com seu prop\u00f3sito, focados no seu sucesso<\/span><\/h3><\/div>\t\t\t\t<\/div>\n\t\t\t\t<\/div>\n\t\t\t\t<div class=\"elementor-element elementor-element-4200612 elementor-widget__width-initial elementor-widget-tablet__width-inherit elementor-view-default elementor-widget elementor-widget-wgl-toggle-accordion\" data-id=\"4200612\" data-element_type=\"widget\" data-widget_type=\"wgl-toggle-accordion.default\">\n\t\t\t\t<div class=\"elementor-widget-container\">\n\t\t\t\t\t<div class=\"wgl-accordion icon-plus\" id=\"wgl-accordion-4200612\" data-type=\"toggle\"><div class=\"wgl-accordion_panel\"><h4 id=\"wgl-accordion_header-6921\" class=\"wgl-accordion_header\" data-default=\"yes\"><span class=\"wgl-accordion_title\">Atendimento pr\u00f3ximo e parceiro<\/span><i class=\"wgl-accordion_icon elementor-icon\"><\/i><\/h4><div class=\"wgl-accordion_content\"><p>Mais do que fornecedores, somos parte da estrat\u00e9gia. Pensamos junto com o cliente e cuidamos como se fosse nosso.<\/p><\/div><\/div><div class=\"wgl-accordion_panel\"><h4 id=\"wgl-accordion_header-6922\" class=\"wgl-accordion_header\" data-default=\"\"><span class=\"wgl-accordion_title\">Foco em performance com resultados mensur\u00e1veis<\/span><i class=\"wgl-accordion_icon elementor-icon\"><\/i><\/h4><div class=\"wgl-accordion_content\"><p>A\u00e7\u00f5es orientadas por dados, metas claras e acompanhamento cont\u00ednuo para garantir retorno real sobre o investimento.<\/p><\/div><\/div><div class=\"wgl-accordion_panel\"><h4 id=\"wgl-accordion_header-6923\" class=\"wgl-accordion_header\" data-default=\"\"><span class=\"wgl-accordion_title\">Vis\u00e3o estrat\u00e9gica + execu\u00e7\u00e3o inteligente<\/span><i class=\"wgl-accordion_icon elementor-icon\"><\/i><\/h4><div class=\"wgl-accordion_content\"><p>Planejamos com profundidade e executamos com agilidade, unindo vis\u00e3o macro e aten\u00e7\u00e3o aos detalhes.<\/p><\/div><\/div><div class=\"wgl-accordion_panel\"><h4 id=\"wgl-accordion_header-6924\" class=\"wgl-accordion_header\" data-default=\"\"><span class=\"wgl-accordion_title\">Equipe multidisciplinar e especializada<\/span><i class=\"wgl-accordion_icon elementor-icon\"><\/i><\/h4><div class=\"wgl-accordion_content\"><p>Profissionais experientes em comunica\u00e7\u00e3o, m\u00eddia, tecnologia, BI e design, atuando de forma integrada.<\/p><\/div><\/div><div class=\"wgl-accordion_panel\"><h4 id=\"wgl-accordion_header-6925\" class=\"wgl-accordion_header\" data-default=\"\"><span class=\"wgl-accordion_title\">Transpar\u00eancia em todas as etapas<\/span><i class=\"wgl-accordion_icon elementor-icon\"><\/i><\/h4><div class=\"wgl-accordion_content\"><p>Relat\u00f3rios claros, comunica\u00e7\u00e3o constante e decis\u00f5es baseadas em dados,\u00a0 sem achismos.<\/p><\/div><\/div><div class=\"wgl-accordion_panel\"><h4 id=\"wgl-accordion_header-6926\" class=\"wgl-accordion_header\" data-default=\"\"><span class=\"wgl-accordion_title\">Solu\u00e7\u00f5es personalizadas por segmento<\/span><i class=\"wgl-accordion_icon elementor-icon\"><\/i><\/h4><div class=\"wgl-accordion_content\"><p>Cada projeto \u00e9 \u00fanico. Adaptamos estrat\u00e9gias conforme o mercado, p\u00fablico e objetivos de cada cliente.<\/p><\/div><\/div><div class=\"wgl-accordion_panel\"><h4 id=\"wgl-accordion_header-6927\" class=\"wgl-accordion_header\" data-default=\"\"><span class=\"wgl-accordion_title\">Tecnologia aplicada \u00e0 comunica\u00e7\u00e3o<\/span><i class=\"wgl-accordion_icon elementor-icon\"><\/i><\/h4><div class=\"wgl-accordion_content\"><p>Automa\u00e7\u00e3o, integra\u00e7\u00f5es, dashboards e ferramentas de ponta para otimizar processos e escalar resultados.<\/p><\/div><\/div><\/div>\t\t\t\t<\/div>\n\t\t\t\t<\/div>\n\t\t\t\t<div class=\"elementor-element elementor-element-dcd6103 elementor-widget elementor-widget-spacer\" data-id=\"dcd6103\" data-element_type=\"widget\" data-widget_type=\"spacer.default\">\n\t\t\t\t\t\t\t<div class=\"elementor-spacer\">\n\t\t\t<div class=\"elementor-spacer-inner\"><\/div>\n\t\t<\/div>\n\t\t\t\t\t\t<\/div>\n\t\t\t\t\t<\/div>\n\t\t<\/div>\n\t\t\t\t\t<\/div>\n\t\t<\/section>\n\t\t\t\t<\/div>\n\t\t","protected":false},"excerpt":{"rendered":"<p>NOSSOS SERVI\u00c7OS Ideias que saem do papel e ganham todas as telas SOLICITE UM OR\u00c7AMENTO 01 Design Oferecemos solu\u00e7\u00f5es completas em design, que v\u00e3o desde a cria\u00e7\u00e3o de identidade visual, incluindo logotipo, paleta de cores e tipografia, at\u00e9 o desenvolvimento de materiais promocionais como folders, flyers, cat\u00e1logos e apresenta\u00e7\u00f5es institucionais. Tamb\u00e9m criamos layouts para redes [&hellip;]<\/p>\n","protected":false},"author":1,"featured_media":0,"parent":0,"menu_order":0,"comment_status":"closed","ping_status":"closed","template":"","meta":{"footnotes":""},"class_list":["post-2053","page","type-page","status-publish","hentry"],"_links":{"self":[{"href":"https:\/\/dev.agenciaatimo.com.br\/agencia\/wp-json\/wp\/v2\/pages\/2053","targetHints":{"allow":["GET"]}}],"collection":[{"href":"https:\/\/dev.agenciaatimo.com.br\/agencia\/wp-json\/wp\/v2\/pages"}],"about":[{"href":"https:\/\/dev.agenciaatimo.com.br\/agencia\/wp-json\/wp\/v2\/types\/page"}],"author":[{"embeddable":true,"href":"https:\/\/dev.agenciaatimo.com.br\/agencia\/wp-json\/wp\/v2\/users\/1"}],"replies":[{"embeddable":true,"href":"https:\/\/dev.agenciaatimo.com.br\/agencia\/wp-json\/wp\/v2\/comments?post=2053"}],"version-history":[{"count":41,"href":"https:\/\/dev.agenciaatimo.com.br\/agencia\/wp-json\/wp\/v2\/pages\/2053\/revisions"}],"predecessor-version":[{"id":5257,"href":"https:\/\/dev.agenciaatimo.com.br\/agencia\/wp-json\/wp\/v2\/pages\/2053\/revisions\/5257"}],"wp:attachment":[{"href":"https:\/\/dev.agenciaatimo.com.br\/agencia\/wp-json\/wp\/v2\/media?parent=2053"}],"curies":[{"name":"wp","href":"https:\/\/api.w.org\/{rel}","templated":true}]}}